{"id":116,"date":"2020-09-29T14:03:51","date_gmt":"2020-09-29T12:03:51","guid":{"rendered":"http:\/\/www.hausbrunn.at\/wp\/?page_id=116"},"modified":"2020-11-19T10:12:16","modified_gmt":"2020-11-19T09:12:16","slug":"wappen","status":"publish","type":"page","link":"http:\/\/www.hausbrunn.at\/wpo\/wappen\/","title":{"rendered":"Wappen"},"content":{"rendered":"\n<p>Die N\u00d6 Landesregierung hat mit Bescheid vom 22. April 1986, II\/1-M-310\/4-86, gem\u00e4\u00df \u00a7 4 Abs. 1 der N\u00d6 Gemeindeordnung 1973, LGBI. 1000-4, der Marktgemeinde Hausbrunn, Verwaltungsbezirk Mistelbach, das nachstehend beschriebene Wappen verliehen:<\/p>\n\n\n\n<p>&#8222;Ein schr\u00e4glinks geteiltes Schild, oben in Blau ein silbernes strohgedecktes Haus mit schwarzer T\u00fcr und f\u00fcnf schwarzen Fenstern, unten in Rot ein silberner gedeckter Brunnen mit Sch\u00f6pfrad.&#8220;<\/p>\n\n\n\n<p>Gleichzeitig wurde gem\u00e4\u00df \u00a7 4 Abs. 4 der N\u00d6 Gemeindeordnung 1973 die vom Gemeinderat der Marktgemeinde Hausbrunn festgesetzten Farben &#8222;Blau-Wei\u00df-Rot&#8220; genehmigt.&nbsp;<\/p>\n\n\n\n<p><strong>Die Wappenverleihung fand am<\/strong> <strong>25. September 2011 statt.<\/strong><\/p>\n\n\n\n<div class=\"wp-block-image\"><figure class=\"aligncenter\"><img src=\"http:\/\/www.hausbrunn.at\/wpo\/wp-content\/uploads\/2020\/10\/cropped-wappen-3.jpg\" alt=\"Marktgemeinde Hausbrunn\"\/><\/figure><\/div>\n","protected":false},"excerpt":{"rendered":"<p>Die N\u00d6 Landesregierung hat mit Bescheid vom 22. April 1986, II\/1-M-310\/4-86, gem\u00e4\u00df \u00a7 4 Abs. 1 der N\u00d6 Gemeindeordnung 1973, LGBI. 1000-4, der Marktgemeinde Hausbrunn, Verwaltungsbezirk Mistelbach, das nachstehend beschriebene Wappen verliehen: &#8222;Ein schr\u00e4glinks geteiltes Schild, oben in Blau ein silbernes strohgedecktes Haus mit schwarzer T\u00fcr und f\u00fcnf schwarzen Fenstern, unten in Rot ein silberner &hellip; <\/p>\n<p class=\"link-more\"><a href=\"http:\/\/www.hausbrunn.at\/wpo\/wappen\/\" class=\"more-link\"><span class=\"screen-reader-text\">\u201eWappen\u201c<\/span> weiterlesen<\/a><\/p>\n","protected":false},"author":1,"featured_media":0,"parent":0,"menu_order":0,"comment_status":"closed","ping_status":"closed","template":"","meta":[],"_links":{"self":[{"href":"http:\/\/www.hausbrunn.at\/wpo\/wp-json\/wp\/v2\/pages\/116"}],"collection":[{"href":"http:\/\/www.hausbrunn.at\/wpo\/wp-json\/wp\/v2\/pages"}],"about":[{"href":"http:\/\/www.hausbrunn.at\/wpo\/wp-json\/wp\/v2\/types\/page"}],"author":[{"embeddable":true,"href":"http:\/\/www.hausbrunn.at\/wpo\/wp-json\/wp\/v2\/users\/1"}],"replies":[{"embeddable":true,"href":"http:\/\/www.hausbrunn.at\/wpo\/wp-json\/wp\/v2\/comments?post=116"}],"version-history":[{"count":5,"href":"http:\/\/www.hausbrunn.at\/wpo\/wp-json\/wp\/v2\/pages\/116\/revisions"}],"predecessor-version":[{"id":758,"href":"http:\/\/www.hausbrunn.at\/wpo\/wp-json\/wp\/v2\/pages\/116\/revisions\/758"}],"wp:attachment":[{"href":"http:\/\/www.hausbrunn.at\/wpo\/wp-json\/wp\/v2\/media?parent=116"}],"curies":[{"name":"wp","href":"https:\/\/api.w.org\/{rel}","templated":true}]}}