{"id":215,"date":"2020-09-29T19:12:37","date_gmt":"2020-09-29T17:12:37","guid":{"rendered":"http:\/\/www.hausbrunn.at\/wp\/?page_id=215"},"modified":"2020-09-29T19:12:38","modified_gmt":"2020-09-29T17:12:38","slug":"notdienste","status":"publish","type":"page","link":"http:\/\/www.hausbrunn.at\/wpo\/notdienste\/","title":{"rendered":"Notdienste"},"content":{"rendered":"\n<p>Feuerwehr: 122<\/p>\n\n\n\n<p>Rettung: 144<\/p>\n\n\n\n<p>Polizei: 133<\/p>\n\n\n\n<p>Notarztnummer: 141<\/p>\n\n\n\n<p>ARB\u00d6-Pannendienst: 123&nbsp;&nbsp;&nbsp; Reisenotruf: 01 895 60 60<\/p>\n\n\n\n<p>\u00d6AMTC-Pannendienst: 120<\/p>\n\n\n\n<p>Schutzbrief Notruf: 01 251 20 00&nbsp;<\/p>\n\n\n\n<p><a href=\"https:\/\/www.arztnoe.at\/arztsuche\" target=\"_blank\" rel=\"noreferrer noopener\">\u00c4rzte suchen<\/a><\/p>\n\n\n\n<p><a href=\"https:\/\/noe.zahnaerztekammer.at\/patientinnen\/zahnarztsuche\/\" target=\"_blank\" rel=\"noreferrer noopener\">Zahn\u00e4rzte suchen<\/a><\/p>\n","protected":false},"excerpt":{"rendered":"<p>Feuerwehr: 122 Rettung: 144 Polizei: 133 Notarztnummer: 141 ARB\u00d6-Pannendienst: 123&nbsp;&nbsp;&nbsp; Reisenotruf: 01 895 60 60 \u00d6AMTC-Pannendienst: 120 Schutzbrief Notruf: 01 251 20 00&nbsp; \u00c4rzte suchen Zahn\u00e4rzte suchen<\/p>\n","protected":false},"author":1,"featured_media":0,"parent":0,"menu_order":0,"comment_status":"closed","ping_status":"closed","template":"","meta":[],"_links":{"self":[{"href":"http:\/\/www.hausbrunn.at\/wpo\/wp-json\/wp\/v2\/pages\/215"}],"collection":[{"href":"http:\/\/www.hausbrunn.at\/wpo\/wp-json\/wp\/v2\/pages"}],"about":[{"href":"http:\/\/www.hausbrunn.at\/wpo\/wp-json\/wp\/v2\/types\/page"}],"author":[{"embeddable":true,"href":"http:\/\/www.hausbrunn.at\/wpo\/wp-json\/wp\/v2\/users\/1"}],"replies":[{"embeddable":true,"href":"http:\/\/www.hausbrunn.at\/wpo\/wp-json\/wp\/v2\/comments?post=215"}],"version-history":[{"count":1,"href":"http:\/\/www.hausbrunn.at\/wpo\/wp-json\/wp\/v2\/pages\/215\/revisions"}],"predecessor-version":[{"id":216,"href":"http:\/\/www.hausbrunn.at\/wpo\/wp-json\/wp\/v2\/pages\/215\/revisions\/216"}],"wp:attachment":[{"href":"http:\/\/www.hausbrunn.at\/wpo\/wp-json\/wp\/v2\/media?parent=215"}],"curies":[{"name":"wp","href":"https:\/\/api.w.org\/{rel}","templated":true}]}}