{"id":3,"date":"2020-09-18T13:08:06","date_gmt":"2020-09-18T11:08:06","guid":{"rendered":"http:\/\/www.hausbrunn.at\/wp\/?page_id=3"},"modified":"2026-03-17T13:24:14","modified_gmt":"2026-03-17T12:24:14","slug":"datenschutzerklaerung","status":"publish","type":"page","link":"http:\/\/www.hausbrunn.at\/wpo\/datenschutzerklaerung\/","title":{"rendered":"Datenschutzerkl\u00e4rung"},"content":{"rendered":"\r\n<p><strong>Datenschutz Hinweis<\/strong><\/p>\r\n\r\n\r\n\r\n<p>Der Schutz personenbezogener Daten ist uns ein wichtiges Anliegen. Deshalb betreiben wir unsere Aktivit\u00e4ten in \u00dcbereinstimmung mit den anwendbaren Rechtsvorschriften zum Schutz personenbezogener Daten und zur Datensicherheit. Im Folgenden erfahren Sie, welche Informationen wir gegebenenfalls sammeln, wie wir damit umgehen und wem wir sie gegebenenfalls zur Verf\u00fcgung stellen.<\/p>\r\n\r\n\r\n\r\n<p><strong>Datenschutz<\/strong><\/p>\r\n\r\n\r\n\r\n<p>Wir erkl\u00e4ren die Einhaltung der gesetzlichen Bestimmungen zum Datenschutz. Insbesondere werden Daten ausschlie\u00dflich im Rahmen der Auftr\u00e4ge verwendet sowie Ma\u00dfnahmen zur Gew\u00e4hrleistung der Datensicherheit getroffen, indem sichergestellt wird, dass Daten ordnungsgem\u00e4\u00df verwendet und Unbefugten nicht zug\u00e4nglich gemacht werden. Auftraggeber, Dienstleister und ihre Mitarbeiter sind zur Verschwiegenheit und Geheimhaltung der von\u00a0User\u00a0bekannt gegebenen Daten verpflichtet, soweit kein rechtlich zul\u00e4ssiger Grund f\u00fcr eine \u00dcbermittlung oder Offenlegung der anvertrauten oder zug\u00e4nglich gemachten Daten besteht.<\/p>\r\n\r\n\r\n\r\n<p>Ihnen stehen grunds\u00e4tzlich die Rechte auf Auskunft, Berichtigung, L\u00f6schung, Einschr\u00e4nkung, Daten\u00fcbertragbarkeit, Widerruf und Widerspruch zu. Wenn Sie glauben, dass die Verarbeitung Ihrer Daten gegen das Datenschutzrecht verst\u00f6\u00dft oder Ihre datenschutzrechtlichen Anspr\u00fcche sonst in einer Weise verletzt worden sind, k\u00f6nnen Sie sich bei der Aufsichtsbeh\u00f6rde beschweren. In \u00d6sterreich ist dies die Datenschutzbeh\u00f6rde. Datenschutzbeh\u00f6rde der Republik \u00d6sterreich &#8211; <a href=\"https:\/\/www.dsb.gv.at\/\" target=\"_blank\" rel=\"noopener noreferrer nofollow\">https:\/\/www.dsb.gv.at\/<\/a>\u00a0<\/p>\r\n\r\n\r\n\r\n<p>Datenschutzbeauftragter:Dr. Johann Stiebellehner, 1100 Wien, Kundratstra\u00dfe 6\/17\/9, <a class=\"mce-object\" title=\"&lt;script&gt;\" href=\"mailto: &lt;img src=\" data-wp-preserve=\"%3Cscript%20type%3D'text%2Fjavascript'%3E%20%3C!--%20var%20prefix%20%3D%20'ma'%20%2B%20'il'%20%2B%20'to'%3B%20var%20path%20%3D%20'hr'%20%2B%20'ef'%20%2B%20'%3D'%3B%20var%20addy16572%20%3D%20'j.stiebellehner'%20%2B%20'%40'%3B%20addy16572%20%3D%20addy16572%20%2B%20'tbi'%20%2B%20'.'%20%2B%20'at'%3B%20document.write('%3Ca%20'%20%2B%20path%20%2B%20'%5C''%20%2B%20prefix%20%2B%20'%3A'%20%2B%20addy16572%20%2B%20'%5C'%3E')%3B%20document.write(addy16572)%3B%20document.write('%3C%5C%2Fa%3E')%3B%20%2F%2F--%3E%5Cn%20%3C%2Fscript%3E\" data-mce-placeholder=\"1\"><script type='text\/javascript'> <!-- document.write('<span style=\\'display: none;\\'>'); \/\/--> <\/script>This email address is being protected from spambots. You need JavaScript enabled to view it. <script type='text\/javascript'> <!-- document.write('<\/'); document.write('span>'); \/\/--> <\/script>&#8222;&gt;<\/a> <a href=\"mailto:j.stiebellehner@avesor.eu\">j.stiebellehner@avesor.eu<\/a><\/p>\r\n\r\n\r\n\r\n<p><strong>Personenbezogene Daten<\/strong><\/p>\r\n\r\n\r\n\r\n<p>\u00dcber unsere Websites erfassen wir keinerlei personenbezogene Daten (beispielsweise\u00a0Namen, Anschriften, Telefonnummern oder E-Mail-Adressen), au\u00dfer wenn Sie uns solche Daten freiwillig zur Verf\u00fcgung stellen (beispielsweise durch Registrierung, Umfrage, Kontaktaufnahme oder Anmeldung zum Newsletter)\u00a0bzw. eingewilligt haben oder die entsprechenden Rechtsvorschriften \u00fcber den Schutz Ihrer Daten dies erlauben.<\/p>\r\n\r\n\r\n\r\n<p><strong>Zweckbestimmung<\/strong><\/p>\r\n\r\n\r\n\r\n<p>Die von Ihnen zur Verf\u00fcgung gestellten personenbezogenen Daten verwenden wir im Allgemeinen, um Ihre Anfragen zu beantworten, Ihre Registrierung zu bearbeiten oder Ihnen Zugang zu bestimmten Informationen zu verschaffen. Zur Pflege der B\u00fcrgerbeziehungen kann es weiterhin n\u00f6tig sein,<\/p>\r\n\r\n\r\n\r\n<div class=\"wp-block-group\">\r\n<div class=\"wp-block-group__inner-container\">\r\n<ul>\r\n<li>dass wir Ihre personenbezogenen Daten speichern oder verarbeiten um auf Ihre W\u00fcnsche besser eingehen zu k\u00f6nnen oder unser B\u00fcrgerservice zu verbessern; oder<\/li>\r\n<li>dass wir (oder ein Dritter in unserem Auftrag) diese personenbezogenen Daten verwenden, um Sie \u00fcber unsere Homepageangebote \/ B\u00fcrgerservice zu informieren, um den Aufgaben und Anforderungen unserer B\u00fcrger besser gerecht zu werden.<\/li>\r\n<\/ul>\r\n<\/div>\r\n<\/div>\r\n\r\n\r\n\r\n<p>Selbstverst\u00e4ndlich respektieren wir es, wenn Sie uns Ihre personenbezogenen Daten nicht zur Unterst\u00fctzung unserer B\u00fcrgerbeziehung \u00fcberlassen wollen. Ein allf\u00e4lliger Einwand gegen die \u00dcberlassung der Daten kann in jeglicher Art im Gemeindeamt eingebracht werden.<\/p>\r\n\r\n\r\n\r\n<p><strong>Austausch personenbezogener Daten\u00a0<\/strong><\/p>\r\n\r\n\r\n\r\n<p>Die Gemeinde kann personenbezogene Daten gegen\u00fcber Dritten offenlegen, wenn sie in Treu und Glauben davon \u00fcberzeugt ist, dass dies vom Gesetz verlangt wird; dass dies auf eine gesetzliche oder gerichtliche Anordnung hinauf erfolgt; dass dies f\u00fcr den Schutz von Rechten, Eigentumsrechten oder der Sicherheit von uns oder den mit uns verbundenen Unternehmen, Gesch\u00e4ftsverbindungen, Kunden oder anderen Personen erforderlich ist.<\/p>\r\n\r\n\r\n\r\n<p><strong>Kommunikations- oder nutzungsbezogene Angaben<\/strong><\/p>\r\n\r\n\r\n\r\n<p>Wenn Sie \u00fcber Telekommunikationsdienste auf unsere Websites zugreifen, werden kommunikationsbezogene Angaben (beispielsweise Internet-Protokoll-Adresse)\u00a0bzw. nutzungsbezogene Angaben (beispielsweise Angaben zu Nutzungsbeginn und -dauer sowie zu den von Ihnen genutzten Telekommunikationsdiensten) mit technischen Mitteln automatisch erzeugt. Diese k\u00f6nnen eventuell R\u00fcckschl\u00fcsse auf personenbezogene Daten zulassen. Soweit eine Erfassung, Verarbeitung und Verwendung Ihrer kommunikations- bzw. nutzungsbezogenen Angaben zwingend notwendig ist, unterliegt diese den gesetzlichen Regelungen zum Datenschutz.<\/p>\r\n\r\n\r\n\r\n<p><strong>Automatisch erfasste nicht-personenbezogene Daten<\/strong><\/p>\r\n\r\n\r\n\r\n<p>Wenn Sie auf unsere Websites zugreifen, werden gelegentlich automatisch (also nicht \u00fcber eine Registrierung) Informationen gesammelt, die nicht einer bestimmten Person zugeordnet sind (beispielsweise verwendeter Internet-Browser\u00a0und Betriebssystem; Domain-Name der\u00a0Website, von der Sie kamen; Anzahl der Besuche; durchschnittliche Verweilzeit; aufgerufene Seiten). Wir verwenden diese Informationen, um die Attraktivit\u00e4t unserer Websites zu ermitteln und deren Leistungsf\u00e4higkeit und Inhalte zu verbessern.<\/p>\r\n\r\n\r\n\r\n<p><strong>&#8222;Cookies&#8220; &#8211; Informationen, die automatisch auf Ihrem Rechner abgelegt werden<\/strong><\/p>\r\n\r\n\r\n\r\n<p>Wenn Sie eine unserer Websites besuchen, kann es sein, dass wir Informationen in Form eines &#8222;Cookie&#8220; auf Ihrem Computer ablegen, die ihn bei Ihrem n\u00e4chsten Besuch automatisch wiedererkennen. Wenn Sie nicht m\u00f6chten, dass wir Ihren Computer wiedererkennen, stellen Sie Ihren Internet-Browser\u00a0bitte so ein, dass er\u00a0Cookies\u00a0von Ihrer Computerfestplatte l\u00f6scht, alle\u00a0Cookies\u00a0blockiert oder Sie warnt, bevor ein\u00a0Cookie\u00a0gespeichert wird.<\/p>\r\n\r\n\r\n\r\n<p><strong>Sicherheit<\/strong><\/p>\r\n\r\n\r\n\r\n<p>Es werden technische und organisatorische Sicherheitsma\u00dfnahmen getroffen, um Ihre personenbezogenen Daten gegen unbeabsichtigte oder unrechtm\u00e4\u00dfige L\u00f6schung, Ver\u00e4nderung oder gegen Verlust und gegen unberechtigte Weitergabe oder unberechtigten Zugriff zu sch\u00fctzen.<\/p>\r\n\r\n\r\n\r\n<p><strong>Links zu anderen Websites<\/strong><\/p>\r\n\r\n\r\n\r\n<p>Die\u00a0Website\u00a0enth\u00e4lt Links zu anderen\u00a0Websites. Die Gemeinde ist f\u00fcr die Datenschutz-Policies\u00a0oder den Inhalt dieser anderen Websites nicht verantwortlich.<\/p>\r\n\r\n\r\n\r\n<p><strong>Fragen und Anmerkungen<\/strong><\/p>\r\n\r\n\r\n\r\n<p>Die Gemeinde wird auf alle angemessenen Anfragen zur Einsicht in und ggf. Berichtigung, Erg\u00e4nzung oder L\u00f6schung von personenbezogenen Daten reagieren. Wenn Sie Fragen oder Anmerkungen zu dieser Datenschutz-Policy haben, treten Sie \u00fcber den Kontakt Bereich mit uns in Verbindung. Im Zuge der Weiterentwicklung des Internets werden wir auch unsere Datenschutz-Policy\u00a0laufend anpassen. \u00c4nderungen werden wir auf dieser Seite rechtzeitig bekannt geben.<\/p>\r\n\r\n\r\n\r\n<p>Die Adresse unserer Website ist: http:\/\/www.hausbrunn.at.<\/p>\r\n\r\n\r\n\r\n<p>&nbsp;<\/p>\r\n\r\n\r\n\r\n<p>&nbsp;<\/p>\r\n","protected":false},"excerpt":{"rendered":"<p>Datenschutz Hinweis Der Schutz personenbezogener Daten ist uns ein wichtiges Anliegen. Deshalb betreiben wir unsere Aktivit\u00e4ten in \u00dcbereinstimmung mit den anwendbaren Rechtsvorschriften zum Schutz personenbezogener Daten und zur Datensicherheit. Im Folgenden erfahren Sie, welche Informationen wir gegebenenfalls sammeln, wie wir damit umgehen und wem wir sie gegebenenfalls zur Verf\u00fcgung stellen. Datenschutz Wir erkl\u00e4ren die Einhaltung &hellip; <\/p>\n<p class=\"link-more\"><a href=\"http:\/\/www.hausbrunn.at\/wpo\/datenschutzerklaerung\/\" class=\"more-link\"><span class=\"screen-reader-text\">\u201eDatenschutzerkl\u00e4rung\u201c<\/span> weiterlesen<\/a><\/p>\n","protected":false},"author":1,"featured_media":0,"parent":0,"menu_order":0,"comment_status":"closed","ping_status":"open","template":"","meta":[],"_links":{"self":[{"href":"http:\/\/www.hausbrunn.at\/wpo\/wp-json\/wp\/v2\/pages\/3"}],"collection":[{"href":"http:\/\/www.hausbrunn.at\/wpo\/wp-json\/wp\/v2\/pages"}],"about":[{"href":"http:\/\/www.hausbrunn.at\/wpo\/wp-json\/wp\/v2\/types\/page"}],"author":[{"embeddable":true,"href":"http:\/\/www.hausbrunn.at\/wpo\/wp-json\/wp\/v2\/users\/1"}],"replies":[{"embeddable":true,"href":"http:\/\/www.hausbrunn.at\/wpo\/wp-json\/wp\/v2\/comments?post=3"}],"version-history":[{"count":3,"href":"http:\/\/www.hausbrunn.at\/wpo\/wp-json\/wp\/v2\/pages\/3\/revisions"}],"predecessor-version":[{"id":3287,"href":"http:\/\/www.hausbrunn.at\/wpo\/wp-json\/wp\/v2\/pages\/3\/revisions\/3287"}],"wp:attachment":[{"href":"http:\/\/www.hausbrunn.at\/wpo\/wp-json\/wp\/v2\/media?parent=3"}],"curies":[{"name":"wp","href":"https:\/\/api.w.org\/{rel}","templated":true}]}}